- 12. Give x(10).
18
Let r(l) = -l**3 - 27*l**2 + 31*l + 80. Determine r(-28).
-4
Let k(l) = -l + 13. Calculate k(21).
-8
Let f(k) = -k**3 + 8*k + 11. Calculate f(-5).
96
Let o(c) = 2*c - 8. Give o(0).
-8
Let f(o) = 3*o - 3. Give f(5).
12
Let j(k) = -5*k - 14. Give j(-6).
16
Let m(w) = 10*w - 11. Determine m(2).
9
Let n(p) = -3*p - 8. Determine n(-7).
13
Let q(f) = -f**3 - 7*f**2 - 4*f + 11. What is q(-6)?
-1
Let l(h) = -h**2 + 6*h + 1. Give l(8).
-15
Let c(b) = -2*b**2 + 16*b + 6. Give c(6).
30
Let b(o) = 8*o + 11. What is b(-7)?
-45
Let a(w) = -w**3 - w**2 + 2*w + 6. Determine a(-4).
46
Let p(c) = -5*c**3 + 2. Calculate p(0).
2
Let y(h) = h**3 - 8*h**2 - h + 20. Calculate y(8).
12
Let y(m) = 4*m**2 - 3*m - 5. Calculate y(3).
22
Let z(k) = k**2 - 2*k - 11. What is z(6)?
13
Let g(v) = v - 1. Calculate g(1).
0
Let a(h) = h**3 - 7*h**2 + 6*h - 4. Determine a(6).
-4
Let a(f) = -f - 4. Give a(-8).
4
Let z(p) = p + 1. Determine z(7).
8
Let l(d) = 3*d**3 + d**2 - 2*d - 4. What is l(2)?
20
Let n(c) = -c**3 + 4*c**2. What is n(5)?
-25
Let r(n) = 8*n**2 - 2. Determine r(-1).
6
Let g(a) = a**3 - 4*a**2 + 6*a - 2. Give g(3).
7
Let q(x) = -3*x**2 + 2*x + 3. Give q(-3).
-30
Let u(x) = x - 1. Determine u(-7).
-8
Let l(s) = 27*s**2 + 3*s - 2. Give l(1).
28
Let l(c) = -c**2 - 13*c - 8. Calculate l(-12).
4
Let w(f) = -f**2 + 5*f - 1. Determine w(6).
-7
Let x(r) = r**3 + 8*r**2 + 4*r - 6. Calculate x(-7).
15
Let o(z) = 4*z + 6. Give o(-8).
-26
Let z(h) = h**2 + 37*h - 415. Give z(9).
-1
Let j(q) = 4*q**3 + q**2 + 6*q - 10. Give j(2).
38
Let h(x) = x**3 - 5*x**2 - 5*x + 8. What is h(6)?
14
Let d(q) = -q + 3. Calculate d(8).
-5
Let x(d) = -d**3 + 4*d**2 - 3*d - 1. Determine x(3).
-1
Let k(q) = -q**2 - 24*q + 46. Calculate k(-27).
-35
Let w(u) = -u + 7. Determine w(13).
-6
Let c(f) = -5*f + 58. Give c(11).
3
Let c(p) = -p**3 - 12*p**2 - 20*p + 13. Determine c(-10).
13
Let p(q) = -q**3 + 2*q**2 + 2*q + 2. What is p(0)?
2
Let s(d) = -7*d - 4. Give s(-4).
24
Let p(u) = -5*u**2 - 27*u - 7. Give p(-6).
-25
Let f(z) = -z**3 - 7*z**2 - 5*z - 2. Calculate f(-7).
33
Let y(c) = -7*c + 101. Determine y(15).
-4
Let v(q) = -q**3 - 20*q**2 + 18*q - 37. Calculate v(-21).
26
Let c(u) = -u**3 - 5*u**2 - 5*u - 4. What is c(-6)?
62
Let w(c) = -c - 6. Give w(-12).
6
Let a(s) = -s + 17. Calculate a(5).
12
Let s(q) = -3*q**2 - 13*q - 1. What is s(3)?
-67
Let j(m) = -m - 1. Give j(10).
-11
Let z(t) = -40*t**2 - 320*t + 6. What is z(-8)?
6
Let b(f) = -f + 6. What is b(0)?
6
Let k(i) = -i**2 + 8*i + 14. Calculate k(7).
21
Let u(h) = h**3 + 8*h**2 - h - 4. Calculate u(-7).
52
Let m(k) = -28*k + 1. What is m(-3)?
85
Let d(a) = 20*a - 110. What is d(6)?
10
Let a(q) = q**3 + 24*q**2 - 27*q - 51. What is a(-25)?
-1
Let p(b) = b**2 - 9*b + 3. Determine p(6).
-15
Let h(j) = 9*j + 41. Calculate h(-4).
5
Let k(q) = -q**2 + 5*q - 1. Give k(4).
3
Let d(v) = v**2 - 20*v + 97. Determine d(13).
6
Let w(z) = -5*z - 22. Determine w(-5).
3
Let h(c) = -2*c**2 + 4*c - 3. Give h(3).
-9
Let q(h) = -h**2 - 14*h + 4. What is q(-7)?
53
Let h(x) = x**2 - 5*x + 16. What is h(11)?
82
Let k(c) = -c**2 - 15*c + 21. Calculate k(-12).
57
Let f(r) = -r - 16. Determine f(-12).
-4
Let l(u) = -u**2 - 4*u + 5. What is l(-6)?
-7
Let j(o) = 7*o**2 - 3*o - 31. Give j(-2).
3
Let r(p) = p**3 - 26*p**2 - 55*p - 42. Calculate r(28).
-14
Let v(u) = -u**2 - 2*u + 9. Determine v(-4).
1
Let t(q) = 3*q - 7. What is t(-5)?
-22
Let v(o) = 3*o**2 - 39*o - 19. Determine v(14).
23
Let w(q) = -2*q - 12. Give w(6).
-24
Let f(d) = d**3 + 9*d**2 + 19*d - 2. Calculate f(-6).
-8
Let o(r) = r**2 - 6*r - 16. What is o(8)?
0
Let r(a) = a**3 + 2. Determine r(2).
10
Let s(l) = 14*l + 5. Determine s(-1).
-9
Let w(d) = d**2 - 11*d + 16. Calculate w(11).
16
Let c(g) = 3*g - 64. Calculate c(21).
-1
Let o(z) = z**3 + 3*z**2 - 3*z + 1. Determine o(-3).
10
Let w(b) = -b**3 + 21*b**2 - 71*b + 59. Give w(17).
8
Let j(b) = b**3 + 6*b**2 + 3*b + 26. Calculate j(-6).
8
Let v(x) = x**2 - 3*x - 1. Determine v(-2).
9
Let q(t) = -t**3 - 11*t**2 - 9*t + 9. Determine q(-10).
-1
Let a(p) = -12*p**3 - 3*p**2 - p + 1. What is a(-1)?
11
Let l(c) = 4*c - 3. Determine l(-7).
-31
Let o(d) = -2*d + 5. Calculate o(-2).
9
Let v(j) = 49*j - 192. Give v(4).
4
Let p(q) = -3*q - 1. Determine p(-7).
20
Let k(z) = -24*z - 501. What is k(-21)?
3
Let k(t) = 2*t**2 - 9*t + 7. Give k(3).
-2
Let x(l) = -2*l**3 - 5*l**2 - 3*l. Determine x(-5).
140
Let j(s) = -s**2 + 41*s - 220. Determine j(35).
-10
Let n(g) = -g**3 + 5*g**2 + 9*g - 3. Give n(6).
15
Let t(j) = -8*j**3 + j**2 - 3*j - 4. What is t(-1)?
8
Let p(x) = -6*x + 20. Calculate p(4).
-4
Let i(p) = 11*p + 1. Give i(3).
34
Let b(v) = -2*v - 24. What is b(-8)?
-8
Let h(v) = -5*v**2 - 17*v - 47. Give h(-4).
-59
Let w(h) = 3*h - 10. Calculate w(2).
-4
Let d(s) = -s**3 + 9*s**2 - 16*s - 3. Calculate d(3).
3
Let j(r) = 13*r - 172. Give j(13).
-3
Let h(p) = -p**2 - 4*p. What is h(-3)?
3
Let i(g) = -g**3 - 7*g**2 - 3*g + 7. What is i(-6)?
-11
Let b(v) = 2*v + 11. Give b(5).
21
Let u(g) = g**2 - 15*g + 49. Calculate u(10).
-1
Let l(z) = z**3 - 14*z**2 + 17*z - 56. What is l(13)?
-4
Let x(h) = h + 7. Give x(-6).
1
Let v(x) = -x**3 + 12*x**2 + x - 17. Calculate v(12).
-5
Let g(z) = z + 5. Calculate g(-14).
-9
Let w(q) = 2*q**3 + 8*q**2 - 17*q + 11. What is w(-6)?
-31
Let l(q) = -q**3 + 26*q**2 + q - 32. Calculate l(26).
-6
Let c(r) = r**3 - 7*r**2 - 4*r + 18. What is c(8)?
50
Let y(z) = -z**2 + 30*z - 34. Determine y(29).
-5
Let x(v) = -13*v + 138. Calculate x(11).
-5
Let w(i) = i**3 - 13*i**2 + 12*i - 3. Calculate w(12).
-3
Let u(a) = -a - 7. Give u(-7).
0
Let c(o) = o - 9. What is c(4)?
-5
Let o(x) = x + 3. What is o(2)?
5
Let w(a) = 4*a**2 + 17*a + 58. Determine w(-5).
73
Let r(s) = -3*s + 5. Determine r(5).
-10
Let a(b) = -b**3 + 10*b**2 + 5*b - 22. Give a(10).
28
Let l(m) = -m**2 + 14*m - 10. Calculate l(9).
35
Let q(o) = -o**3 + 2*o**2 + 5*o - 17. Calculate q(2).
-7
Let b(z) = -2*z**2 - 37*z + 20. Give b(-19).
1
Let n(v) = -v**3 + 38*v**2 + v - 42. Give n(38).
-4
Let w(i) = -36*i - 540. Determine w(-15).
0
Let q(x) = -x**3 + 6*x**2 - 5*x + 5. Determine q(6).
-25
Let j(d) = -d**2 + 24*d - 25. Calculate j(23).
-2
Let q(o) = -o**2 + 9*o + 3. Give q(8).
11
Let u(l) = -l**3 + 22*l**2 + 46*l - 18. Give u(24).
-66
Let m(y) = 2*y**3 - 13*y**2 - 10*y + 14. Determine m(7).
-7
Let x(z) = -z**2 + 10*z - 4. What is x(8)?
12
Let w(j) = j**3 - 6*j**2 + 5*j - 7. Calculate w(6).
23
Let k(l) = -10*l**2 - 11. Give k(-3).
-101
Let j(k) = k**3 - 8*k**2 - 3*k + 21. What is j(8)?
-3
Let a(d) = d**2 - 46*d - 259. Determine a(-5).
-4
Let c(v) = v**3 + v**2 - 2*v - 3. Calculate c(-2).
-3
Let r(q) = -q**3 + 12*q**2 - 22*q + 18. Give r(11).
-103
Let a(w) = w**3 - 20*w**2 + 39*w - 57. Calculate a(18).
-3
Let h(l) = 8*l**3 + 4*l**2 + l - 5. Determine h(1).
8
Let s(g) = -g**3 - 18*g**2 - 34*g + 17. What is s(-16)?
49
Let k(d) = 10*d - 342. What is k(32)?
-22
Let i(x) = 11*x**2 + x - 1. Calculate i(2).
45
Let u(s) = s**2 + 20*s + 64. Determine u(-9).
-35
Let f(q) = -q**2 + q. Give f(2).
-2
Let u(r) = -2*r - 1. Calculate u(-10).
19
Let v(d) = 10*d**2 - 2*d - 1. Calculate v(-1).
11
Let b(g) = 5*g**2 - 1. Calculate b(-1).
4
Let n(y) = 3*y**2 - 6*y + 13. Determine n(-4).
85
Let j(i) = i**2 - 7*i - 9. Give j(-4).
35
Let o(x) = 2*x**2 - 9*x - 2. What is o(5)?
3
Let j(u) = 2*u**2 - 9*u - 45. Calculate j(8).
11
Let u(h) = -5*h - 11. Determine u(0).
-11
Let u(s) = -8*s + 10. Determine u(5).
-30
Let d(t) = -t**3 + 9*t**2 - 18*t + 5. Calculate d(7).
-23
Let v(l) = -l**3 - 12*l**2 + 11*l - 16. Give v(-13).
10
Let k(c) = c**3 - 2*c**2 - 10*c - 2. What is k(4)?
-10
Let m(w) = w**3 + 16*w**2 + 5*w + 44. Calculate m(-16).
-36
Let f(o) = 2*o - 28. What is f(11)?
-6
Let x(v) = 17*v + 25. Give x(-8).
-111
Let t(u) = u**2 + 16*u - 102. What is t(-20)?
-22
Let j(x) = -21*x**2 - 6*x + 5. Determine j(1).
-22
Let i(b) = 7*b + 20. Determine i(-6).
-22
Let c(j) = 7*j - 27. Determine c(-7).
-76
Let n(c) = 6*c**2 - 29*c + 48. Determine n(2).
14
Let o(t) = t**2 + 16*t - 6. Determine o(-12).
-54
Let k(f) = -4*f**2 - 19*f - 59. Give k(-8).
-163
Let z(h) = -8*h + 21. What is z(3)?
-3
Let c(a) = 8*a - 42. Calculate c(5).
-2
Let i(g) = 3*g**3 + g**2 + 2. Determine i(2).
30
Let o(q) = 2*q**2 + 14*q + 4